{"id":2,"date":"2011-01-25T12:13:22","date_gmt":"2011-01-25T11:13:22","guid":{"rendered":"http:\/\/kapelanatruc.monty.cz\/?page_id=2"},"modified":"2023-03-04T17:31:32","modified_gmt":"2023-03-04T16:31:32","slug":"neco-o-me","status":"publish","type":"page","link":"https:\/\/kapelanatruc.cz\/?page_id=2","title":{"rendered":"O kapele"},"content":{"rendered":"<p><strong>O kapele<\/strong><\/p>\n<p>Kapela Natruc vznikla v roce 2010. Jej\u00edmi zakl\u00e1daj\u00edc\u00edmi \u010dleny byli buben\u00edk Marek a baskytarista Lubo\u0161, kte\u0159\u00ed kolem sebe sdru\u017eili skupinu zap\u00e1len\u00fdch muzikant\u016f &#8211; kytaristu a zp\u011bv\u00e1ka Jirku, zp\u011bva\u010dku a kl\u00e1vesistku Janu, trumpetistu a kytaristu Vlastu a v neposledn\u00ed \u0159ad\u011b saxofonistu, kytaristu, kl\u00e1vesistu a zp\u011bv\u00e1ka Petra.<br \/>\n<span style=\"font-size: inherit;\">Postupem \u010dasu se slo\u017een\u00ed kapely zm\u011bnilo &#8211; v roce 2015 Lubo\u0161e nahradil baskytarista L\u00e1\u010fa a v roce 2017 se ke kapele p\u0159idala zp\u011bva\u010dka a kl\u00e1vesistka Petra.<br \/>\n<\/span><span style=\"font-size: inherit;\">Nejv\u00edc kartami zam\u00edchal rok 2021, obdob\u00ed &#8222;Corony&#8220;, kter\u00e9 zm\u011bnilo kapelu od z\u00e1kladu. Sou\u010dasn\u00e1 kapela Natruc tak hraje ve staronov\u00e9m slo\u017een\u00ed, bodr\u00fd duch v\u0161ak z\u016fst\u00e1v\u00e1 zachov\u00e1n!!<\/span><\/p>\n<p><a href=\"http:\/\/kapelanatruc.cz\/wp-content\/uploads\/E0DAF5A8-CB5F-41EE-8964-629031EF38A9.jpeg\"><img loading=\"lazy\" class=\"aligncenter wp-image-1198 size-full\" src=\"http:\/\/kapelanatruc.cz\/wp-content\/uploads\/E0DAF5A8-CB5F-41EE-8964-629031EF38A9.jpeg\" alt=\"\" width=\"720\" height=\"540\" srcset=\"https:\/\/kapelanatruc.cz\/wp-content\/uploads\/E0DAF5A8-CB5F-41EE-8964-629031EF38A9.jpeg 720w, https:\/\/kapelanatruc.cz\/wp-content\/uploads\/E0DAF5A8-CB5F-41EE-8964-629031EF38A9-300x225.jpeg 300w\" sizes=\"(max-width: 720px) 100vw, 720px\" \/><\/a><\/p>\n<p><a href=\"http:\/\/kapelanatruc.cz\/wp-content\/uploads\/kapela_soucasnost.jpg\"><img loading=\"lazy\" class=\"aligncenter wp-image-701 size-full\" src=\"http:\/\/kapelanatruc.cz\/wp-content\/uploads\/kapela_soucasnost.jpg\" alt=\"\" width=\"960\" height=\"720\" srcset=\"https:\/\/kapelanatruc.cz\/wp-content\/uploads\/kapela_soucasnost.jpg 960w, https:\/\/kapelanatruc.cz\/wp-content\/uploads\/kapela_soucasnost-300x225.jpg 300w, https:\/\/kapelanatruc.cz\/wp-content\/uploads\/kapela_soucasnost-768x576.jpg 768w\" sizes=\"(max-width: 960px) 100vw, 960px\" \/><\/a><\/p>\n<p><a href=\"http:\/\/kapelanatruc.cz\/wp-content\/uploads\/9BCE1366-DA2C-40DD-91BC-09A5CDBC28B6.jpeg\"><img loading=\"lazy\" class=\"aligncenter wp-image-1201 size-full\" src=\"http:\/\/kapelanatruc.cz\/wp-content\/uploads\/9BCE1366-DA2C-40DD-91BC-09A5CDBC28B6.jpeg\" alt=\"\" width=\"2048\" height=\"1365\" srcset=\"https:\/\/kapelanatruc.cz\/wp-content\/uploads\/9BCE1366-DA2C-40DD-91BC-09A5CDBC28B6.jpeg 2048w, https:\/\/kapelanatruc.cz\/wp-content\/uploads\/9BCE1366-DA2C-40DD-91BC-09A5CDBC28B6-300x200.jpeg 300w, https:\/\/kapelanatruc.cz\/wp-content\/uploads\/9BCE1366-DA2C-40DD-91BC-09A5CDBC28B6-1024x683.jpeg 1024w, https:\/\/kapelanatruc.cz\/wp-content\/uploads\/9BCE1366-DA2C-40DD-91BC-09A5CDBC28B6-768x512.jpeg 768w, https:\/\/kapelanatruc.cz\/wp-content\/uploads\/9BCE1366-DA2C-40DD-91BC-09A5CDBC28B6-1536x1024.jpeg 1536w\" sizes=\"(max-width: 2048px) 100vw, 2048px\" \/><\/a><\/p>\n","protected":false},"excerpt":{"rendered":"<p>O kapele Kapela Natruc vznikla v roce 2010. Jej\u00edmi zakl\u00e1daj\u00edc\u00edmi \u010dleny byli buben\u00edk Marek a baskytarista Lubo\u0161, kte\u0159\u00ed kolem sebe sdru\u017eili skupinu zap\u00e1len\u00fdch muzikant\u016f &#8211; kytaristu a zp\u011bv\u00e1ka Jirku, zp\u011bva\u010dku a kl\u00e1vesistku Janu, trumpetistu a kytaristu Vlastu a v neposledn\u00ed \u0159ad\u011b saxofonistu, kytaristu, kl\u00e1vesistu a zp\u011bv\u00e1ka Petra. Postupem \u010dasu se slo\u017een\u00ed kapely zm\u011bnilo &#8211; v [&hellip;]<\/p>\n","protected":false},"author":1,"featured_media":0,"parent":0,"menu_order":0,"comment_status":"closed","ping_status":"closed","template":"","meta":[],"_links":{"self":[{"href":"https:\/\/kapelanatruc.cz\/index.php?rest_route=\/wp\/v2\/pages\/2"}],"collection":[{"href":"https:\/\/kapelanatruc.cz\/index.php?rest_route=\/wp\/v2\/pages"}],"about":[{"href":"https:\/\/kapelanatruc.cz\/index.php?rest_route=\/wp\/v2\/types\/page"}],"author":[{"embeddable":true,"href":"https:\/\/kapelanatruc.cz\/index.php?rest_route=\/wp\/v2\/users\/1"}],"replies":[{"embeddable":true,"href":"https:\/\/kapelanatruc.cz\/index.php?rest_route=%2Fwp%2Fv2%2Fcomments&post=2"}],"version-history":[{"count":40,"href":"https:\/\/kapelanatruc.cz\/index.php?rest_route=\/wp\/v2\/pages\/2\/revisions"}],"predecessor-version":[{"id":1266,"href":"https:\/\/kapelanatruc.cz\/index.php?rest_route=\/wp\/v2\/pages\/2\/revisions\/1266"}],"wp:attachment":[{"href":"https:\/\/kapelanatruc.cz\/index.php?rest_route=%2Fwp%2Fv2%2Fmedia&parent=2"}],"curies":[{"name":"wp","href":"https:\/\/api.w.org\/{rel}","templated":true}]}}

<p><strong>O kapele</strong></p>
<p>Kapela Natruc vznikla v roce 2010. Jejími zakládajícími členy byli bubeník Marek a baskytarista Luboš, kteří kolem sebe sdružili skupinu zapálených muzikantů &#8211; kytaristu a zpěváka Jirku, zpěvačku a klávesistku Janu, trumpetistu a kytaristu Vlastu a v neposlední řadě saxofonistu, kytaristu, klávesistu a zpěváka Petra.<br />
<span style="font-size: inherit;">Postupem času se složení kapely změnilo &#8211; v roce 2015 Luboše nahradil baskytarista Láďa a v roce 2017 se ke kapele přidala zpěvačka a klávesistka Petra.<br />
</span><span style="font-size: inherit;">Nejvíc kartami zamíchal rok 2021, období &#8222;Corony&#8220;, které změnilo kapelu od základu. Současná kapela Natruc tak hraje ve staronovém složení, bodrý duch však zůstává zachován!!</span></p>
<p><a href="http://kapelanatruc.cz/wp-content/uploads/E0DAF5A8-CB5F-41EE-8964-629031EF38A9.jpeg"><img loading="lazy" class="aligncenter wp-image-1198 size-full" src="http://kapelanatruc.cz/wp-content/uploads/E0DAF5A8-CB5F-41EE-8964-629031EF38A9.jpeg" alt="" width="720" height="540" srcset="https://kapelanatruc.cz/wp-content/uploads/E0DAF5A8-CB5F-41EE-8964-629031EF38A9.jpeg 720w, https://kapelanatruc.cz/wp-content/uploads/E0DAF5A8-CB5F-41EE-8964-629031EF38A9-300x225.jpeg 300w" sizes="(max-width: 720px) 100vw, 720px" /></a></p>
<p><a href="http://kapelanatruc.cz/wp-content/uploads/kapela_soucasnost.jpg"><img loading="lazy" class="aligncenter wp-image-701 size-full" src="http://kapelanatruc.cz/wp-content/uploads/kapela_soucasnost.jpg" alt="" width="960" height="720" srcset="https://kapelanatruc.cz/wp-content/uploads/kapela_soucasnost.jpg 960w, https://kapelanatruc.cz/wp-content/uploads/kapela_soucasnost-300x225.jpg 300w, https://kapelanatruc.cz/wp-content/uploads/kapela_soucasnost-768x576.jpg 768w" sizes="(max-width: 960px) 100vw, 960px" /></a></p>
<p><a href="http://kapelanatruc.cz/wp-content/uploads/9BCE1366-DA2C-40DD-91BC-09A5CDBC28B6.jpeg"><img loading="lazy" class="aligncenter wp-image-1201 size-full" src="http://kapelanatruc.cz/wp-content/uploads/9BCE1366-DA2C-40DD-91BC-09A5CDBC28B6.jpeg" alt="" width="2048" height="1365" srcset="https://kapelanatruc.cz/wp-content/uploads/9BCE1366-DA2C-40DD-91BC-09A5CDBC28B6.jpeg 2048w, https://kapelanatruc.cz/wp-content/uploads/9BCE1366-DA2C-40DD-91BC-09A5CDBC28B6-300x200.jpeg 300w, https://kapelanatruc.cz/wp-content/uploads/9BCE1366-DA2C-40DD-91BC-09A5CDBC28B6-1024x683.jpeg 1024w, https://kapelanatruc.cz/wp-content/uploads/9BCE1366-DA2C-40DD-91BC-09A5CDBC28B6-768x512.jpeg 768w, https://kapelanatruc.cz/wp-content/uploads/9BCE1366-DA2C-40DD-91BC-09A5CDBC28B6-1536x1024.jpeg 1536w" sizes="(max-width: 2048px) 100vw, 2048px" /></a></p>

<p>O kapele Kapela Natruc vznikla v roce 2010. Jejími zakládajícími členy byli bubeník Marek a baskytarista Luboš, kteří kolem sebe sdružili skupinu zapálených muzikantů &#8211; kytaristu a zpěváka Jirku, zpěvačku a klávesistku Janu, trumpetistu a kytaristu Vlastu a v neposlední řadě saxofonistu, kytaristu, klávesistu a zpěváka Petra. Postupem času se složení kapely změnilo &#8211; v [&hellip;]</p>
